{"id":5270,"date":"2022-11-19T13:24:21","date_gmt":"2022-11-19T11:24:21","guid":{"rendered":"https:\/\/rentboattenerife.com\/?page_id=5270"},"modified":"2024-11-20T08:57:13","modified_gmt":"2024-11-20T08:57:13","slug":"locations","status":"publish","type":"page","link":"https:\/\/rentboattenerife.com\/fr\/emplacements\/","title":{"rendered":"Emplacements"},"content":{"rendered":"<div data-elementor-type=\"wp-page\" data-elementor-id=\"5270\" class=\"elementor elementor-5270\">\n\t\t\t\t\t\t<section class=\"elementor-section elementor-top-section elementor-element elementor-element-47ba328 elementor-section-stretched elementor-section-boxed elementor-section-height-default elementor-section-height-default elementor-invisible\" data-id=\"47ba328\" data-element_type=\"section\" data-e-type=\"section\" data-settings=\"{&quot;stretch_section&quot;:&quot;section-stretched&quot;,&quot;background_background&quot;:&quot;classic&quot;,&quot;animation&quot;:&quot;fadeIn&quot;}\">\n\t\t\t\t\t\t<div class=\"elementor-container elementor-column-gap-default\">\n\t\t\t\t\t<div class=\"elementor-column elementor-col-100 elementor-top-column elementor-element elementor-element-709dfb5\" data-id=\"709dfb5\" data-element_type=\"column\" data-e-type=\"column\">\n\t\t\t<div class=\"elementor-widget-wrap elementor-element-populated\">\n\t\t\t\t\t\t<div class=\"elementor-element elementor-element-423f16e elementor-widget elementor-widget-spacer\" data-id=\"423f16e\" data-element_type=\"widget\" data-e-type=\"widget\" data-widget_type=\"spacer.default\">\n\t\t\t\t<div class=\"elementor-widget-container\">\n\t\t\t\t\t\t\t<div class=\"elementor-spacer\">\n\t\t\t<div class=\"elementor-spacer-inner\"><\/div>\n\t\t<\/div>\n\t\t\t\t\t\t<\/div>\n\t\t\t\t<\/div>\n\t\t\t\t<div class=\"elementor-element elementor-element-7b27f34 elementor-widget elementor-widget-text-editor\" data-id=\"7b27f34\" data-element_type=\"widget\" data-e-type=\"widget\" data-widget_type=\"text-editor.default\">\n\t\t\t\t<div class=\"elementor-widget-container\">\n\t\t\t\t\t\t\t\t\t<h1>Emplacement tendance<\/h1><p>D\u00e9couvrez tous les bateaux disponibles dans une s\u00e9lection de nos emplacements<\/p>\t\t\t\t\t\t\t\t<\/div>\n\t\t\t\t<\/div>\n\t\t\t\t<div class=\"elementor-element elementor-element-5537247 elementor-widget elementor-widget-homey_elementor_space\" data-id=\"5537247\" data-element_type=\"widget\" data-e-type=\"widget\" data-widget_type=\"homey_elementor_space.default\">\n\t\t\t\t<div class=\"elementor-widget-container\">\n\t\t\t\t\t<div style=\"clear:both; width:100%; height:30px\"><\/div>\t\t\t\t<\/div>\n\t\t\t\t<\/div>\n\t\t\t\t<div class=\"elementor-element elementor-element-fd7dfb0 elementor-widget elementor-widget-homey_elementor_grids\" data-id=\"fd7dfb0\" data-element_type=\"widget\" data-e-type=\"widget\" data-widget_type=\"homey_elementor_grids.default\">\n\t\t\t\t<div class=\"elementor-widget-container\">\n\t\t\t\t\t\r\n\t\t<div class=\"module-wrap taxonomy-grid taxonomy-grid-1\">\r\n\t\t\t<div class=\"row\">\r\n\t\t\t\t\r\n\t\t\t\t\t<div class=\"col-lg-6 col-md-6 col-sm-6 col-xs-12\">\r\n\t\t\t\t\t\t<div class=\"taxonomy-item taxonomy-card\">\r\n\t\t\t\t\t\t\t<a class=\"taxonomy-link hover-effect\" href=\"https:\/\/rentboattenerife.com\/fr\/location\/costa-adeje\/\">\r\n\t\t\t\t\t\t\t\t<div class=\"taxonomy-title\">Costa Ad\u00e8je<\/div>\r\n\t\t\t\t\t\t\t\t<img fetchpriority=\"high\" decoding=\"async\" class=\"img-responsive\" src=\"https:\/\/rentboattenerife.com\/wp-content\/uploads\/2023\/12\/Costa-Adeje-Puerto-Colon-Tenerife.webp\" width=\"546\" height=\"355\" alt=\"listing_city\">\r\n\t\t\t\t\t\t\t<\/a>\r\n\t\t\t\t\t\t<\/div>\r\n\t\t\t\t\t<\/div>\r\n\r\n\t\t\t\t\t\r\n\t\t\t\t\t<div class=\"col-lg-6 col-md-6 col-sm-6 col-xs-12\">\r\n\t\t\t\t\t\t<div class=\"taxonomy-item taxonomy-card\">\r\n\t\t\t\t\t\t\t<a class=\"taxonomy-link hover-effect\" href=\"https:\/\/rentboattenerife.com\/fr\/location\/golf-del-sur\/\">\r\n\t\t\t\t\t\t\t\t<div class=\"taxonomy-title\">Golf du Sud (Amarilla Golf)<\/div>\r\n\t\t\t\t\t\t\t\t<img decoding=\"async\" class=\"img-responsive\" src=\"https:\/\/rentboattenerife.com\/wp-content\/uploads\/2023\/12\/Marina-San-Miguel.webp\" width=\"545\" height=\"355\" alt=\"listing_city\">\r\n\t\t\t\t\t\t\t<\/a>\r\n\t\t\t\t\t\t<\/div>\r\n\t\t\t\t\t<\/div>\r\n\r\n\t\t\t\t\t\r\n\t\t\t\t\t<div class=\"col-lg-6 col-md-6 col-sm-6 col-xs-12\">\r\n\t\t\t\t\t\t<div class=\"taxonomy-item taxonomy-card\">\r\n\t\t\t\t\t\t\t<a class=\"taxonomy-link hover-effect\" href=\"https:\/\/rentboattenerife.com\/fr\/location\/las-galletas\/\">\r\n\t\t\t\t\t\t\t\t<div class=\"taxonomy-title\">Las Galletas<\/div>\r\n\t\t\t\t\t\t\t\t<img decoding=\"async\" class=\"img-responsive\" src=\"https:\/\/rentboattenerife.com\/wp-content\/uploads\/2023\/12\/Marina-del-Sur-Tenerife.webp\" width=\"546\" height=\"355\" alt=\"listing_city\">\r\n\t\t\t\t\t\t\t<\/a>\r\n\t\t\t\t\t\t<\/div>\r\n\t\t\t\t\t<\/div>\r\n\r\n\t\t\t\t\t\r\n\t\t\t\t\t<div class=\"col-lg-6 col-md-6 col-sm-6 col-xs-12\">\r\n\t\t\t\t\t\t<div class=\"taxonomy-item taxonomy-card\">\r\n\t\t\t\t\t\t\t<a class=\"taxonomy-link hover-effect\" href=\"https:\/\/rentboattenerife.com\/fr\/location\/playa-de-las-americas\/\">\r\n\t\t\t\t\t\t\t\t<div class=\"taxonomy-title\">Los Cristianos (Playa de las Americas)<\/div>\r\n\t\t\t\t\t\t\t\t<img loading=\"lazy\" decoding=\"async\" class=\"img-responsive\" src=\"https:\/\/rentboattenerife.com\/wp-content\/uploads\/2023\/12\/Puerto-Los-Cristianos-Tenerife.webp\" width=\"546\" height=\"355\" alt=\"listing_city\">\r\n\t\t\t\t\t\t\t<\/a>\r\n\t\t\t\t\t\t<\/div>\r\n\t\t\t\t\t<\/div>\r\n\r\n\t\t\t\t\t\r\n\t\t\t\t\t<div class=\"col-lg-6 col-md-6 col-sm-6 col-xs-12\">\r\n\t\t\t\t\t\t<div class=\"taxonomy-item taxonomy-card\">\r\n\t\t\t\t\t\t\t<a class=\"taxonomy-link hover-effect\" href=\"https:\/\/rentboattenerife.com\/fr\/location\/los-gigantes\/\">\r\n\t\t\t\t\t\t\t\t<div class=\"taxonomy-title\">Los Gigantes<\/div>\r\n\t\t\t\t\t\t\t\t<img loading=\"lazy\" decoding=\"async\" class=\"img-responsive\" src=\"https:\/\/rentboattenerife.com\/wp-content\/uploads\/2023\/12\/los-gigantes-tenerife.webp\" width=\"546\" height=\"355\" alt=\"listing_city\">\r\n\t\t\t\t\t\t\t<\/a>\r\n\t\t\t\t\t\t<\/div>\r\n\t\t\t\t\t<\/div>\r\n\r\n\t\t\t\t\t\r\n\t\t\t\t\t<div class=\"col-lg-6 col-md-6 col-sm-6 col-xs-12\">\r\n\t\t\t\t\t\t<div class=\"taxonomy-item taxonomy-card\">\r\n\t\t\t\t\t\t\t<a class=\"taxonomy-link hover-effect\" href=\"https:\/\/rentboattenerife.com\/fr\/location\/radazul\/\">\r\n\t\t\t\t\t\t\t\t<div class=\"taxonomy-title\">Radazul<\/div>\r\n\t\t\t\t\t\t\t\t<img loading=\"lazy\" decoding=\"async\" class=\"img-responsive\" src=\"https:\/\/rentboattenerife.com\/wp-content\/uploads\/2023\/12\/radazul.webp\" width=\"546\" height=\"355\" alt=\"listing_city\">\r\n\t\t\t\t\t\t\t<\/a>\r\n\t\t\t\t\t\t<\/div>\r\n\t\t\t\t\t<\/div>\r\n\r\n\t\t\t\t\t\r\n\t\t\t\t\t<div class=\"col-lg-6 col-md-6 col-sm-6 col-xs-12\">\r\n\t\t\t\t\t\t<div class=\"taxonomy-item taxonomy-card\">\r\n\t\t\t\t\t\t\t<a class=\"taxonomy-link hover-effect\" href=\"https:\/\/rentboattenerife.com\/fr\/location\/santa-cruz-de-tenerife\/\">\r\n\t\t\t\t\t\t\t\t<div class=\"taxonomy-title\">Santa Cruz de Tenerife<\/div>\r\n\t\t\t\t\t\t\t\t<img loading=\"lazy\" decoding=\"async\" class=\"img-responsive\" src=\"https:\/\/rentboattenerife.com\/wp-content\/uploads\/2025\/11\/boat-charter-in-Santa-Cruz-de-Tenerife-555x360.jpg\" width=\"555\" height=\"360\" alt=\"listing_city\">\r\n\t\t\t\t\t\t\t<\/a>\r\n\t\t\t\t\t\t<\/div>\r\n\t\t\t\t\t<\/div>\r\n\r\n\t\t\t\t\t\t\t\t\t\r\n\t\t\t<\/div>\r\n\t\t<\/div>\r\n\t\t\r\n\t\t\t\t\t\t<\/div>\n\t\t\t\t<\/div>\n\t\t\t\t<div class=\"elementor-element elementor-element-03ac4b5 elementor-widget elementor-widget-spacer\" data-id=\"03ac4b5\" data-element_type=\"widget\" data-e-type=\"widget\" data-widget_type=\"spacer.default\">\n\t\t\t\t<div class=\"elementor-widget-container\">\n\t\t\t\t\t\t\t<div class=\"elementor-spacer\">\n\t\t\t<div class=\"elementor-spacer-inner\"><\/div>\n\t\t<\/div>\n\t\t\t\t\t\t<\/div>\n\t\t\t\t<\/div>\n\t\t\t\t\t<\/div>\n\t\t<\/div>\n\t\t\t\t\t<\/div>\n\t\t<\/section>\n\t\t\t\t<\/div>","protected":false},"excerpt":{"rendered":"<p>Emplacement tendance Jetez un \u0153il \u00e0 tous les bateaux disponibles dans une s\u00e9lection de nos emplacements Costa Adeje Golf del Sur (Amarilla Golf) Las Galletas Los Cristianos (Playa de las Americas) Los Gigantes Radazul<\/p>","protected":false},"author":1,"featured_media":0,"parent":0,"menu_order":0,"comment_status":"closed","ping_status":"closed","template":"elementor_header_footer","meta":{"_acf_changed":false,"footnotes":""},"class_list":["post-5270","page","type-page","status-publish","hentry"],"acf":[],"aioseo_notices":[],"_links":{"self":[{"href":"https:\/\/rentboattenerife.com\/fr\/wp-json\/wp\/v2\/pages\/5270","targetHints":{"allow":["GET"]}}],"collection":[{"href":"https:\/\/rentboattenerife.com\/fr\/wp-json\/wp\/v2\/pages"}],"about":[{"href":"https:\/\/rentboattenerife.com\/fr\/wp-json\/wp\/v2\/types\/page"}],"author":[{"embeddable":true,"href":"https:\/\/rentboattenerife.com\/fr\/wp-json\/wp\/v2\/users\/1"}],"replies":[{"embeddable":true,"href":"https:\/\/rentboattenerife.com\/fr\/wp-json\/wp\/v2\/comments?post=5270"}],"version-history":[{"count":3,"href":"https:\/\/rentboattenerife.com\/fr\/wp-json\/wp\/v2\/pages\/5270\/revisions"}],"predecessor-version":[{"id":8452,"href":"https:\/\/rentboattenerife.com\/fr\/wp-json\/wp\/v2\/pages\/5270\/revisions\/8452"}],"wp:attachment":[{"href":"https:\/\/rentboattenerife.com\/fr\/wp-json\/wp\/v2\/media?parent=5270"}],"curies":[{"name":"wp","href":"https:\/\/api.w.org\/{rel}","templated":true}]}}

<div data-elementor-type="wp-page" data-elementor-id="5270" class="elementor elementor-5270">
						<section class="elementor-section elementor-top-section elementor-element elementor-element-47ba328 elementor-section-stretched elementor-section-boxed elementor-section-height-default elementor-section-height-default elementor-invisible" data-id="47ba328" data-element_type="section" data-e-type="section" data-settings="{&quot;stretch_section&quot;:&quot;section-stretched&quot;,&quot;background_background&quot;:&quot;classic&quot;,&quot;animation&quot;:&quot;fadeIn&quot;}">
						<div class="elementor-container elementor-column-gap-default">
					<div class="elementor-column elementor-col-100 elementor-top-column elementor-element elementor-element-709dfb5" data-id="709dfb5" data-element_type="column" data-e-type="column">
			<div class="elementor-widget-wrap elementor-element-populated">
						<div class="elementor-element elementor-element-423f16e elementor-widget elementor-widget-spacer" data-id="423f16e" data-element_type="widget" data-e-type="widget" data-widget_type="spacer.default">
				<div class="elementor-widget-container">
							<div class="elementor-spacer">
			<div class="elementor-spacer-inner"></div>
		</div>
						</div>
				</div>
				<div class="elementor-element elementor-element-7b27f34 elementor-widget elementor-widget-text-editor" data-id="7b27f34" data-element_type="widget" data-e-type="widget" data-widget_type="text-editor.default">
				<div class="elementor-widget-container">
									<h1>Emplacement tendance</h1><p>Découvrez tous les bateaux disponibles dans une sélection de nos emplacements</p>								</div>
				</div>
				<div class="elementor-element elementor-element-5537247 elementor-widget elementor-widget-homey_elementor_space" data-id="5537247" data-element_type="widget" data-e-type="widget" data-widget_type="homey_elementor_space.default">
				<div class="elementor-widget-container">
					<div style="clear:both; width:100%; height:30px"></div>				</div>
				</div>
				<div class="elementor-element elementor-element-fd7dfb0 elementor-widget elementor-widget-homey_elementor_grids" data-id="fd7dfb0" data-element_type="widget" data-e-type="widget" data-widget_type="homey_elementor_grids.default">
				<div class="elementor-widget-container">
					
		<div class="module-wrap taxonomy-grid taxonomy-grid-1">
			<div class="row">
				
					<div class="col-lg-6 col-md-6 col-sm-6 col-xs-12">
						<div class="taxonomy-item taxonomy-card">
							<a class="taxonomy-link hover-effect" href="https://rentboattenerife.com/fr/location/costa-adeje/">
								<div class="taxonomy-title">Costa Adèje</div>
								<img fetchpriority="high" decoding="async" class="img-responsive" src="https://rentboattenerife.com/wp-content/uploads/2023/12/Costa-Adeje-Puerto-Colon-Tenerife.webp" width="546" height="355" alt="listing_city">
							</a>
						</div>
					</div>

					
					<div class="col-lg-6 col-md-6 col-sm-6 col-xs-12">
						<div class="taxonomy-item taxonomy-card">
							<a class="taxonomy-link hover-effect" href="https://rentboattenerife.com/fr/location/golf-del-sur/">
								<div class="taxonomy-title">Golf du Sud (Amarilla Golf)</div>
								<img decoding="async" class="img-responsive" src="https://rentboattenerife.com/wp-content/uploads/2023/12/Marina-San-Miguel.webp" width="545" height="355" alt="listing_city">
							</a>
						</div>
					</div>

					
					<div class="col-lg-6 col-md-6 col-sm-6 col-xs-12">
						<div class="taxonomy-item taxonomy-card">
							<a class="taxonomy-link hover-effect" href="https://rentboattenerife.com/fr/location/las-galletas/">
								<div class="taxonomy-title">Las Galletas</div>
								<img decoding="async" class="img-responsive" src="https://rentboattenerife.com/wp-content/uploads/2023/12/Marina-del-Sur-Tenerife.webp" width="546" height="355" alt="listing_city">
							</a>
						</div>
					</div>

					
					<div class="col-lg-6 col-md-6 col-sm-6 col-xs-12">
						<div class="taxonomy-item taxonomy-card">
							<a class="taxonomy-link hover-effect" href="https://rentboattenerife.com/fr/location/playa-de-las-americas/">
								<div class="taxonomy-title">Los Cristianos (Playa de las Americas)</div>
								<img loading="lazy" decoding="async" class="img-responsive" src="https://rentboattenerife.com/wp-content/uploads/2023/12/Puerto-Los-Cristianos-Tenerife.webp" width="546" height="355" alt="listing_city">
							</a>
						</div>
					</div>

					
					<div class="col-lg-6 col-md-6 col-sm-6 col-xs-12">
						<div class="taxonomy-item taxonomy-card">
							<a class="taxonomy-link hover-effect" href="https://rentboattenerife.com/fr/location/los-gigantes/">
								<div class="taxonomy-title">Los Gigantes</div>
								<img loading="lazy" decoding="async" class="img-responsive" src="https://rentboattenerife.com/wp-content/uploads/2023/12/los-gigantes-tenerife.webp" width="546" height="355" alt="listing_city">
							</a>
						</div>
					</div>

					
					<div class="col-lg-6 col-md-6 col-sm-6 col-xs-12">
						<div class="taxonomy-item taxonomy-card">
							<a class="taxonomy-link hover-effect" href="https://rentboattenerife.com/fr/location/radazul/">
								<div class="taxonomy-title">Radazul</div>
								<img loading="lazy" decoding="async" class="img-responsive" src="https://rentboattenerife.com/wp-content/uploads/2023/12/radazul.webp" width="546" height="355" alt="listing_city">
							</a>
						</div>
					</div>

					
					<div class="col-lg-6 col-md-6 col-sm-6 col-xs-12">
						<div class="taxonomy-item taxonomy-card">
							<a class="taxonomy-link hover-effect" href="https://rentboattenerife.com/fr/location/santa-cruz-de-tenerife/">
								<div class="taxonomy-title">Santa Cruz de Tenerife</div>
								<img loading="lazy" decoding="async" class="img-responsive" src="https://rentboattenerife.com/wp-content/uploads/2025/11/boat-charter-in-Santa-Cruz-de-Tenerife-555x360.jpg" width="555" height="360" alt="listing_city">
							</a>
						</div>
					</div>

									
			</div>
		</div>
		
						</div>
				</div>
				<div class="elementor-element elementor-element-03ac4b5 elementor-widget elementor-widget-spacer" data-id="03ac4b5" data-element_type="widget" data-e-type="widget" data-widget_type="spacer.default">
				<div class="elementor-widget-container">
							<div class="elementor-spacer">
			<div class="elementor-spacer-inner"></div>
		</div>
						</div>
				</div>
					</div>
		</div>
					</div>
		</section>
				</div>

<p>Emplacement tendance Jetez un œil à tous les bateaux disponibles dans une sélection de nos emplacements Costa Adeje Golf del Sur (Amarilla Golf) Las Galletas Los Cristianos (Playa de las Americas) Los Gigantes Radazul</p>
